{"id":2446,"date":"2023-09-29T10:54:53","date_gmt":"2023-09-29T08:54:53","guid":{"rendered":"http:\/\/zms.pum.edu.pl\/?page_id=2446"},"modified":"2024-12-13T09:54:16","modified_gmt":"2024-12-13T08:54:16","slug":"lekarsko-dentystyczny","status":"publish","type":"page","link":"https:\/\/zms.pum.edu.pl\/?page_id=2446","title":{"rendered":"Lekarsko-dentystyczny"},"content":{"rendered":"\t\t<div data-elementor-type=\"wp-page\" data-elementor-id=\"2446\" class=\"elementor elementor-2446\">\n\t\t\t\t\t\t<section class=\"elementor-section elementor-top-section elementor-element elementor-element-4b64138 elementor-section-boxed elementor-section-height-default elementor-section-height-default\" data-id=\"4b64138\" data-element_type=\"section\" data-e-type=\"section\">\n\t\t\t\t\t\t<div class=\"elementor-container elementor-column-gap-no\">\n\t\t\t\t\t<div class=\"elementor-column elementor-col-66 elementor-top-column elementor-element elementor-element-a3d6262\" data-id=\"a3d6262\" data-element_type=\"column\" data-e-type=\"column\">\n\t\t\t<div class=\"elementor-widget-wrap elementor-element-populated\">\n\t\t\t\t\t\t<div class=\"elementor-element elementor-element-3a766fe elementor-widget elementor-widget-hozti_service_single_title\" data-id=\"3a766fe\" data-element_type=\"widget\" data-e-type=\"widget\" data-widget_type=\"hozti_service_single_title.default\">\n\t\t\t\t<div class=\"elementor-widget-container\">\n\t\t\t\t\t\n\t\t<!--Services Single Section-->\n\t\t<div class=\"services-single-section one\">\n\t\t\t<div class=\"auto-container\">\n\t\t\t\t<div class=\"row clearfix\">\n\t\t\t\t\t<!--Content Column-->\n\t\t\t\t\t<div class=\"content-column col-xl-12 col-md-12 col-sm-12\">\n\t\t\t\t\t\t<div class=\"inner-column\">\n\t\t\t\t\t\t\t<h2>Plany zaj\u0119\u0107 - Zak\u0142ad Medycyny S\u0105dowej<\/h2>\n\t\t\t\t\t\t\t<div class=\"text\"><a href=\"http:\/\/zms.pum.edu.pl\/wp-content\/uploads\/2024\/12\/PLAN-stomatologia-IV.docx\">IV ROK - STOMATOLOGIA<\/a><\/div>\n\t\t\t\t\t\t<\/div>\n\t\t\t\t\t<\/div>\n\t\t\t\t<\/div>\n\t\t\t<\/div>\n\t\t<\/div>\n\t\t<!--End Services Single Section--> \n            \n\t\t\t\t\t\t<\/div>\n\t\t\t\t<\/div>\n\t\t\t\t\t<\/div>\n\t\t<\/div>\n\t\t\t\t<div class=\"elementor-column elementor-col-33 elementor-top-column elementor-element elementor-element-97288e4\" data-id=\"97288e4\" data-element_type=\"column\" data-e-type=\"column\">\n\t\t\t<div class=\"elementor-widget-wrap elementor-element-populated\">\n\t\t\t\t\t\t<div class=\"elementor-element elementor-element-e5fad85 elementor-widget elementor-widget-hozti_service_single_branches\" data-id=\"e5fad85\" data-element_type=\"widget\" data-e-type=\"widget\" data-widget_type=\"hozti_service_single_branches.default\">\n\t\t\t\t<div class=\"elementor-widget-container\">\n\t\t\t\t\t\n\t\t<!--Services Single Section-->\n\t\t<div class=\"services-single-section \">\n\t\t\t<div class=\"auto-container\">\n\t\t\t\t<div class=\"row clearfix\">\n\t\t\t\t\t<!--Content Column-->\n\t\t\t\t\t<div class=\"sidebar-column col-xl-12 col-sm-12\">\n\t\t\t\t\t\t<div class=\"inner-column\">\n\t\t\t\t\t\t\t<!--Branches Widget-->\n\t\t\t\t\t\t\t<div class=\"sidebar-widget-two branches-widget\">\n\t\t\t\t\t\t\t\t<div class=\"widget-content\">\n\t\t\t\t\t\t\t\t\t<div class=\"sidebar-title-two\">\n\t\t\t\t\t\t\t\t\t\t<h2>Regulaminy  Katedry Medycyny S\u0105dowej<\/h2>\n\t\t\t\t\t\t\t\t\t<\/div>\n\t\t\t\t\t\t\t\t\t<ul class=\"branch-list\">\n\t\t\t\t\t\t\t\t\t\n\t\t\t\t\t\t\t\t\t\t\t\n\t\t\t\t\t\t\t\t\t\n\t\t\t\t\t\t\t\t\t\t<li><span class=\"icon far fa-file-pdf\"><\/span><a href=\"http:\/\/zms.pum.edu.pl\/wp-content\/uploads\/2024\/10\/REGULAMIN-Stoma.pdf\">Medycyna S\u0105dowa <span class=\"mb\">Regulamin - lekarsko-dentystyczny<\/span><\/a><\/li>\n\t\t\t\t\t\t\t\t\t\t\n\t\t\t\t\t\t\t\t\t\t\t\n\t\t\t\t\t\t\t\t\t\n\t\t\t\t\t\t\t\t\t\t<li><span class=\"icon far fa-file-pdf\"><\/span><a href=\"http:\/\/zms.pum.edu.pl\/wp-content\/uploads\/2022\/10\/sherlock-2022-2023.pdf\">Lekarz te\u017c mo\u017ce by\u0107 jak Sherlock Holmes <span class=\"mb\">Zaj\u0119cia fakultatywne<\/span><\/a><\/li>\n\t\t\t\t\t\t\t\t\t\t\n\t\t\t\t\t\t\t\t\t\t\t\t\t\t\t\t\t\t\t\t\n\t\t\t\t\t\t\t\t\t<\/ul>\n\t\t\t\t\t\t\t\t<\/div>\n\t\t\t\t\t\t\t<\/div>\n\t\t\t\t\t\t<\/div>\n\t\t\t\t\t<\/div>\n\t\t\t\t<\/div>\n\t\t\t<\/div>\n\t\t<\/div>\n\t\t<!--End Services Single Section--> \n            \n\t\t\t\t\t\t<\/div>\n\t\t\t\t<\/div>\n\t\t\t\t\t<\/div>\n\t\t<\/div>\n\t\t\t\t\t<\/div>\n\t\t<\/section>\n\t\t\t\t<section class=\"elementor-section elementor-top-section elementor-element elementor-element-a1a2595 elementor-section-boxed elementor-section-height-default elementor-section-height-default\" data-id=\"a1a2595\" data-element_type=\"section\" data-e-type=\"section\">\n\t\t\t\t\t\t<div class=\"elementor-container elementor-column-gap-default\">\n\t\t\t\t\t<div class=\"elementor-column elementor-col-100 elementor-top-column elementor-element elementor-element-0f499ca\" data-id=\"0f499ca\" data-element_type=\"column\" data-e-type=\"column\">\n\t\t\t<div class=\"elementor-widget-wrap elementor-element-populated\">\n\t\t\t\t\t\t<div class=\"elementor-element elementor-element-9e40636 elementor-widget elementor-widget-spacer\" data-id=\"9e40636\" data-element_type=\"widget\" data-e-type=\"widget\" data-widget_type=\"spacer.default\">\n\t\t\t\t<div class=\"elementor-widget-container\">\n\t\t\t\t\t\t\t<div class=\"elementor-spacer\">\n\t\t\t<div class=\"elementor-spacer-inner\"><\/div>\n\t\t<\/div>\n\t\t\t\t\t\t<\/div>\n\t\t\t\t<\/div>\n\t\t\t\t\t<\/div>\n\t\t<\/div>\n\t\t\t\t\t<\/div>\n\t\t<\/section>\n\t\t\t\t<section class=\"elementor-section elementor-top-section elementor-element elementor-element-fef6413 elementor-section-boxed elementor-section-height-default elementor-section-height-default\" data-id=\"fef6413\" data-element_type=\"section\" data-e-type=\"section\">\n\t\t\t\t\t\t<div class=\"elementor-container elementor-column-gap-default\">\n\t\t\t\t\t<div class=\"elementor-column elementor-col-100 elementor-top-column elementor-element elementor-element-48ba809\" data-id=\"48ba809\" data-element_type=\"column\" data-e-type=\"column\">\n\t\t\t<div class=\"elementor-widget-wrap elementor-element-populated\">\n\t\t\t\t\t\t<div class=\"elementor-element elementor-element-21ea212 elementor-widget elementor-widget-hozti_service_single_branches\" data-id=\"21ea212\" data-element_type=\"widget\" data-e-type=\"widget\" data-widget_type=\"hozti_service_single_branches.default\">\n\t\t\t\t<div class=\"elementor-widget-container\">\n\t\t\t\t\t\n\t\t<!--Services Single Section-->\n\t\t<div class=\"services-single-section \">\n\t\t\t<div class=\"auto-container\">\n\t\t\t\t<div class=\"row clearfix\">\n\t\t\t\t\t<!--Content Column-->\n\t\t\t\t\t<div class=\"sidebar-column col-xl-12 col-sm-12\">\n\t\t\t\t\t\t<div class=\"inner-column\">\n\t\t\t\t\t\t\t<!--Branches Widget-->\n\t\t\t\t\t\t\t<div class=\"sidebar-widget-two branches-widget\">\n\t\t\t\t\t\t\t\t<div class=\"widget-content\">\n\t\t\t\t\t\t\t\t\t<div class=\"sidebar-title-two\">\n\t\t\t\t\t\t\t\t\t\t<h2>Sylabusy<\/h2>\n\t\t\t\t\t\t\t\t\t<\/div>\n\t\t\t\t\t\t\t\t\t<ul class=\"branch-list\">\n\t\t\t\t\t\t\t\t\t\n\t\t\t\t\t\t\t\t\t\t\t\n\t\t\t\t\t\t\t\t\t\n\t\t\t\t\t\t\t\t\t\t<li><span class=\"icon far fa-file-pdf\"><\/span><a href=\"\">Toksykologia <span class=\"mb\">Sylabus dla kierunku lekarsko-dentystycznego<\/span><\/a><\/li>\n\t\t\t\t\t\t\t\t\t\t\n\t\t\t\t\t\t\t\t\t\t\t\t\t\t\t\t\t\t\t\t\n\t\t\t\t\t\t\t\t\t<\/ul>\n\t\t\t\t\t\t\t\t<\/div>\n\t\t\t\t\t\t\t<\/div>\n\t\t\t\t\t\t<\/div>\n\t\t\t\t\t<\/div>\n\t\t\t\t<\/div>\n\t\t\t<\/div>\n\t\t<\/div>\n\t\t<!--End Services Single Section--> \n            \n\t\t\t\t\t\t<\/div>\n\t\t\t\t<\/div>\n\t\t\t\t\t<\/div>\n\t\t<\/div>\n\t\t\t\t\t<\/div>\n\t\t<\/section>\n\t\t\t\t<\/div>\n\t\t","protected":false},"excerpt":{"rendered":"<p>Plany zaj\u0119\u0107 &#8211; Zak\u0142ad Medycyny S\u0105dowej IV ROK &#8211; STOMATOLOGIA Regulaminy Katedry Medycyny S\u0105dowej Medycyna S\u0105dowa Regulamin &#8211; lekarsko-dentystyczny Lekarz te\u017c mo\u017ce by\u0107 jak Sherlock Holmes Zaj\u0119cia fakultatywne Sylabusy Toksykologia Sylabus dla kierunku lekarsko-dentystycznego<\/p>\n","protected":false},"author":2,"featured_media":0,"parent":0,"menu_order":0,"comment_status":"closed","ping_status":"closed","template":"tpl-default-elementor.php","meta":{"footnotes":""},"class_list":["post-2446","page","type-page","status-publish","hentry"],"_links":{"self":[{"href":"https:\/\/zms.pum.edu.pl\/index.php?rest_route=\/wp\/v2\/pages\/2446","targetHints":{"allow":["GET"]}}],"collection":[{"href":"https:\/\/zms.pum.edu.pl\/index.php?rest_route=\/wp\/v2\/pages"}],"about":[{"href":"https:\/\/zms.pum.edu.pl\/index.php?rest_route=\/wp\/v2\/types\/page"}],"author":[{"embeddable":true,"href":"https:\/\/zms.pum.edu.pl\/index.php?rest_route=\/wp\/v2\/users\/2"}],"replies":[{"embeddable":true,"href":"https:\/\/zms.pum.edu.pl\/index.php?rest_route=%2Fwp%2Fv2%2Fcomments&post=2446"}],"version-history":[{"count":19,"href":"https:\/\/zms.pum.edu.pl\/index.php?rest_route=\/wp\/v2\/pages\/2446\/revisions"}],"predecessor-version":[{"id":2861,"href":"https:\/\/zms.pum.edu.pl\/index.php?rest_route=\/wp\/v2\/pages\/2446\/revisions\/2861"}],"wp:attachment":[{"href":"https:\/\/zms.pum.edu.pl\/index.php?rest_route=%2Fwp%2Fv2%2Fmedia&parent=2446"}],"curies":[{"name":"wp","href":"https:\/\/api.w.org\/{rel}","templated":true}]}}